
{"id":907,"date":"2010-12-30T21:15:34","date_gmt":"2010-12-31T00:15:34","guid":{"rendered":"https:\/\/www.talsoft-security.com\/site\/?page_id=907"},"modified":"2020-08-17T13:30:55","modified_gmt":"2020-08-17T16:30:55","slug":"contacto","status":"publish","type":"page","link":"https:\/\/www.talsoft-security.com\/site\/contacto\/","title":{"rendered":"Contacto"},"content":{"rendered":"<p>[et_pb_section fb_built=&#8221;1&#8243; _builder_version=&#8221;4.5.6&#8243; _module_preset=&#8221;default&#8221; background_image=&#8221;https:\/\/www.talsoft-security.com\/site\/wp-content\/uploads\/2014\/05\/bg_talsoft_1354x619.jpg&#8221; custom_padding=&#8221;||0px|||&#8221; hover_enabled=&#8221;0&#8243;][et_pb_row _builder_version=&#8221;4.5.6&#8243; _module_preset=&#8221;default&#8221;][et_pb_column _builder_version=&#8221;4.5.6&#8243; _module_preset=&#8221;default&#8221; type=&#8221;4_4&#8243;][et_pb_text _builder_version=&#8221;4.5.6&#8243; _module_preset=&#8221;default&#8221; hover_enabled=&#8221;0&#8243;]<\/p>\n<h3 style=\"text-align: center;\">Consulte con nuestros expertos y empiece a proteger su negocio frente ataques inform\u00e1ticos<\/h3>\n<p>[\/et_pb_text][\/et_pb_column][\/et_pb_row][et_pb_row _builder_version=&#8221;4.5.6&#8243; _module_preset=&#8221;default&#8221; column_structure=&#8221;1_2,1_2&#8243;][et_pb_column type=&#8221;1_2&#8243; _builder_version=&#8221;4.5.6&#8243; _module_preset=&#8221;default&#8221;][et_pb_code _builder_version=&#8221;4.5.6&#8243; _module_preset=&#8221;default&#8221; text_orientation=&#8221;left&#8221; custom_padding=&#8221;|0px||||&#8221; hover_enabled=&#8221;0&#8243; width=&#8221;99.9%&#8221; custom_margin=&#8221;-45px|||||&#8221;]\n\t\t\t<div class=\"ccf-form-wrapper form-id-2992\" data-form-id=\"2992\">\n\t\t\t\t<form  class=\"ccf-form ccf-theme-light\" method=\"post\" action=\"?v=1777675789\" data-form-id=\"2992\">\n\n\t\t\t\t\t\n\t\t\t\t\t\n\t\t\t\t\t\n\t\t<div data-field-type=\"single-line-text\" data-field-slug=\"single-line-text-1\" class=\"form-group  field single-line-text-1 field-type-single-line-text field-5681  field-required\">\n\t\t\t<label class=\"main-label\" for=\"ccf_field_single-line-text-1\">\n\t\t\t\t<span class=\"required\">*<\/span>\t\t\t\t\t\t\t<\/label>\n\t\t\t<input class=\"form-control  field-input\" required aria-required=\"true\" type=\"text\" name=\"ccf_field_single-line-text-1\" id=\"ccf_field_single-line-text-1\" placeholder=\"Nombre y Apellido\" value=\"\">\n\n\t\t\t\n\t\t\t\t\t<\/div>\n\n\t\t\n\t\t<div data-field-type=\"email\" data-field-slug=\"email-2\" class=\"form-group  field email-2 field-type-email field-5682  field-required\">\n\t\t\t<label class=\"main-label\" for=\"ccf_field_email-2\">\n\t\t\t\t<span class=\"required\">*<\/span>\t\t\t\t\t\t\t<\/label>\n\t\t\t\t\t\t\t<input class=\"form-control  field-input\" required aria-required=\"true\" name=\"ccf_field_email-2\" id=\"ccf_field_email-2\"  placeholder=\"Correo Electr\u00f3nico\" type=\"text\" value=\"\">\n\t\t\t\t\t\t\t\n\t\t\t\t\t<\/div>\n\n\t\t\n\t\t<div data-phone-format=\"international\" data-field-slug=\"phone-4\" data-field-type=\"phone\" class=\"form-group  field phone-4 field-type-phone field-5683  field-required\">\n\t\t\t<label class=\"main-label\" for=\"ccf_field_phone-4\">\n\t\t\t\t<span class=\"required\">*<\/span>\t\t\t\t\t\t\t<\/label>\n\t\t\t<input class=\"form-control  field-input\" required aria-required=\"true\" type=\"text\" name=\"ccf_field_phone-4\" id=\"ccf_field_phone-4\" placeholder=\"Tel\u00e9fono\" value=\"\">\n\n\t\t\t\n\t\t\t\t\t<\/div>\n\n\t\t\n\t\t<div data-field-type=\"single-line-text\" data-field-slug=\"pais-10\" class=\"form-group  field pais-10 field-type-single-line-text field-5684  \">\n\t\t\t<label class=\"main-label\" for=\"ccf_field_pais-10\">\n\t\t\t\t\t\t\t\t\t\t\t<\/label>\n\t\t\t<input class=\"form-control  field-input\"  type=\"text\" name=\"ccf_field_pais-10\" id=\"ccf_field_pais-10\" placeholder=\"Pa\u00eds\" value=\"\">\n\n\t\t\t\n\t\t\t\t\t<\/div>\n\n\t\t\n\t\t<div data-field-type=\"date\" data-field-slug=\"date-9\" class=\"form-group  field date-9 field-type-date field-5685  \">\n\t\t\t<label class=\"main-label\" for=\"ccf_field_date-9\">\n\t\t\t\t\t\t\t\tElija un d\u00eda\/horario para que podamos contactarlo\t\t\t<\/label>\n\t\t\t\t\t\t\t<input data-date-format=\"dd\/mm\/yyyy\"  name=\"ccf_field_date-9[date]\" value=\"\" class=\"form-control  ccf-datepicker field-input\" id=\"ccf_field_date-9\" type=\"text\">\n\t\t\t\n\t\t\t\n\t\t\t\t\t<\/div>\n\n\t\t\n\t\t<div data-field-type=\"paragraph-text\" data-field-slug=\"paragraph-text-8\" class=\"form-group  field paragraph-text-8 field-type-paragraph-text field-5686  field-required\">\n\t\t\t<label class=\"main-label\" for=\"ccf_field_paragraph-text-8\">\n\t\t\t\t<span class=\"required\">*<\/span>\t\t\t\t\t\t\t<\/label>\n\t\t\t<textarea class=\"form-control  field-input\" required aria-required=\"true\" name=\"ccf_field_paragraph-text-8\" id=\"ccf_field_paragraph-text-8\" placeholder=\"Describa su problema o necesidad...\"><\/textarea>\n\n\t\t\t\n\t\t\t\t\t<\/div>\n\n\t\t\n\t\t<div data-field-type=\"recaptcha\" data-field-slug=\"recaptcha-5\" class=\"form-group  field recaptcha-5 field-type-recaptcha field-5687  \">\n\t\t\t<label class=\"main-label\" for=\"ccf_field_recaptcha-5\">\n\t\t\t\t<span class=\"required\">*<\/span>\n\t\t\t\t\t\t\t<\/label>\n\t\t\t<div class=\"ccf-recaptcha-wrapper\" data-form-id=\"2992\" data-sitekey=\"6LdTxhwTAAAAANRJyed45tOWH5BMmWY6wcx9kUwS\"><\/div>\n\n\t\t\t\n\t\t\t\t\t<\/div>\n\n\t\t\n\t\t\t\t\t<div class=\"form-submit \">\n\t\t\t\t\t\t<input type=\"submit\" class=\"btn btn-primary ccf-submit-button\" value=\"Enviar\">\n\t\t\t\t\t\t<img decoding=\"async\" class=\"loading-img\" src=\"https:\/\/www.talsoft-security.com\/site\/wp-admin\/images\/wpspin_light.gif\">\n\t\t\t\t\t<\/div>\n\n\t\t\t\t\t<script type=\"text\/javascript\">\n\t\t\t\t\twindow.wp = window.wp || {};\n\t\t\t\t\twp.ccf = wp.ccf || {};\n\t\t\t\t\twp.ccf.conditionals = wp.ccf.conditionals || [];\n\t\t\t\t\twp.ccf.conditionals[2992] = [];\n\t\t\t\t\t<\/script>\n\n\t\t\t\t\t<input type=\"hidden\" name=\"form_id\" value=\"2992\">\n\t\t\t\t\t<input type=\"hidden\" name=\"form_page\" value=\"https:\/\/www.talsoft-security.com\/site\/site\/wp-json\/wp\/v2\/pages\/907\">\n\t\t\t\t\t<input type=\"text\" name=\"my_information\" style=\"display: none;\">\n\t\t\t\t\t<input type=\"hidden\"  name=\"ccf_form\" value=\"1\">\n\t\t\t\t\t<input type=\"hidden\" name=\"form_nonce\" value=\"2cc83ad24d\">\n\t\t\t\t<\/form>\n\n\t\t\t\t<iframe class=\"ccf-form-frame\" id=\"ccf_form_frame_2992\" name=\"ccf_form_frame_2992\"><\/iframe>\n\t\t\t<\/div>\n\n\t\t\t[\/et_pb_code][\/et_pb_column][et_pb_column type=&#8221;1_2&#8243; _builder_version=&#8221;4.5.6&#8243; _module_preset=&#8221;default&#8221;][et_pb_video_slider _builder_version=&#8221;4.5.6&#8243; _module_preset=&#8221;default&#8221; border_radii=&#8221;on|10px|10px|10px|10px&#8221; hover_enabled=&#8221;0&#8243; min_height=&#8221;487px&#8221;][et_pb_video_slider_item _builder_version=&#8221;4.5.6&#8243; _module_preset=&#8221;default&#8221; show_image_overlay=&#8221;off&#8221; src=&#8221;https:\/\/youtu.be\/EcG_b4Pl-kY&#8221; hover_enabled=&#8221;0&#8243;][\/et_pb_video_slider_item][et_pb_video_slider_item _builder_version=&#8221;4.5.6&#8243; _module_preset=&#8221;default&#8221; show_image_overlay=&#8221;off&#8221; src=&#8221;https:\/\/youtu.be\/wQXvIAKtdxo&#8221; hover_enabled=&#8221;0&#8243;][\/et_pb_video_slider_item][et_pb_video_slider_item _builder_version=&#8221;4.5.6&#8243; _module_preset=&#8221;default&#8221; show_image_overlay=&#8221;off&#8221; src=&#8221;https:\/\/youtu.be\/0WQlUKbuXP4&#8243; hover_enabled=&#8221;0&#8243;][\/et_pb_video_slider_item][\/et_pb_video_slider][\/et_pb_column][\/et_pb_row][\/et_pb_section]<\/p>\n","protected":false},"excerpt":{"rendered":"<p>Consulte con nuestros expertos y empiece a proteger su negocio frente ataques inform\u00e1ticos \n\t\t\t<div class=\"ccf-form-wrapper form-id-2992\" data-form-id=\"2992\">\n\t\t\t\t<form  class=\"ccf-form ccf-theme-light\" method=\"post\" action=\"?v=1777675789\" data-form-id=\"2992\">\n\n\t\t\t\t\t\n\t\t\t\t\t\n\t\t\t\t\t\n\t\t<div data-field-type=\"single-line-text\" data-field-slug=\"single-line-text-1\" class=\"form-group  field single-line-text-1 field-type-single-line-text field-5681  field-required\">\n\t\t\t<label class=\"main-label\" for=\"ccf_field_single-line-text-1\">\n\t\t\t\t<span class=\"required\">*<\/span>\t\t\t\t\t\t\t<\/label>\n\t\t\t<input class=\"form-control  field-input\" required aria-required=\"true\" type=\"text\" name=\"ccf_field_single-line-text-1\" id=\"ccf_field_single-line-text-1\" placeholder=\"Nombre y Apellido\" value=\"\">\n\n\t\t\t\n\t\t\t\t\t<\/div>\n\n\t\t\n\t\t<div data-field-type=\"email\" data-field-slug=\"email-2\" class=\"form-group  field email-2 field-type-email field-5682  field-required\">\n\t\t\t<label class=\"main-label\" for=\"ccf_field_email-2\">\n\t\t\t\t<span class=\"required\">*<\/span>\t\t\t\t\t\t\t<\/label>\n\t\t\t\t\t\t\t<input class=\"form-control  field-input\" required aria-required=\"true\" name=\"ccf_field_email-2\" id=\"ccf_field_email-2\"  placeholder=\"Correo Electr\u00f3nico\" type=\"text\" value=\"\">\n\t\t\t\t\t\t\t\n\t\t\t\t\t<\/div>\n\n\t\t\n\t\t<div data-phone-format=\"international\" data-field-slug=\"phone-4\" data-field-type=\"phone\" class=\"form-group  field phone-4 field-type-phone field-5683  field-required\">\n\t\t\t<label class=\"main-label\" for=\"ccf_field_phone-4\">\n\t\t\t\t<span class=\"required\">*<\/span>\t\t\t\t\t\t\t<\/label>\n\t\t\t<input class=\"form-control  field-input\" required aria-required=\"true\" type=\"text\" name=\"ccf_field_phone-4\" id=\"ccf_field_phone-4\" placeholder=\"Tel\u00e9fono\" value=\"\">\n\n\t\t\t\n\t\t\t\t\t<\/div>\n\n\t\t\n\t\t<div data-field-type=\"single-line-text\" data-field-slug=\"pais-10\" class=\"form-group  field pais-10 field-type-single-line-text field-5684  \">\n\t\t\t<label class=\"main-label\" for=\"ccf_field_pais-10\">\n\t\t\t\t\t\t\t\t\t\t\t<\/label>\n\t\t\t<input class=\"form-control  field-input\"  type=\"text\" name=\"ccf_field_pais-10\" id=\"ccf_field_pais-10\" placeholder=\"Pa\u00eds\" value=\"\">\n\n\t\t\t\n\t\t\t\t\t<\/div>\n\n\t\t\n\t\t<div data-field-type=\"date\" data-field-slug=\"date-9\" class=\"form-group  field date-9 field-type-date field-5685  \">\n\t\t\t<label class=\"main-label\" for=\"ccf_field_date-9\">\n\t\t\t\t\t\t\t\tElija un d\u00eda\/horario para que podamos contactarlo\t\t\t<\/label>\n\t\t\t\t\t\t\t<input data-date-format=\"dd\/mm\/yyyy\"  name=\"ccf_field_date-9[date]\" value=\"\" class=\"form-control  ccf-datepicker field-input\" id=\"ccf_field_date-9\" type=\"text\">\n\t\t\t\n\t\t\t\n\t\t\t\t\t<\/div>\n\n\t\t\n\t\t<div data-field-type=\"paragraph-text\" data-field-slug=\"paragraph-text-8\" class=\"form-group  field paragraph-text-8 field-type-paragraph-text field-5686  field-required\">\n\t\t\t<label class=\"main-label\" for=\"ccf_field_paragraph-text-8\">\n\t\t\t\t<span class=\"required\">*<\/span>\t\t\t\t\t\t\t<\/label>\n\t\t\t<textarea class=\"form-control  field-input\" required aria-required=\"true\" name=\"ccf_field_paragraph-text-8\" id=\"ccf_field_paragraph-text-8\" placeholder=\"Describa su problema o necesidad...\"><\/textarea>\n\n\t\t\t\n\t\t\t\t\t<\/div>\n\n\t\t\n\t\t<div data-field-type=\"recaptcha\" data-field-slug=\"recaptcha-5\" class=\"form-group  field recaptcha-5 field-type-recaptcha field-5687  \">\n\t\t\t<label class=\"main-label\" for=\"ccf_field_recaptcha-5\">\n\t\t\t\t<span class=\"required\">*<\/span>\n\t\t\t\t\t\t\t<\/label>\n\t\t\t<div class=\"ccf-recaptcha-wrapper\" data-form-id=\"2992\" data-sitekey=\"6LdTxhwTAAAAANRJyed45tOWH5BMmWY6wcx9kUwS\"><\/div>\n\n\t\t\t\n\t\t\t\t\t<\/div>\n\n\t\t\n\t\t\t\t\t<div class=\"form-submit \">\n\t\t\t\t\t\t<input type=\"submit\" class=\"btn btn-primary ccf-submit-button\" value=\"Enviar\">\n\t\t\t\t\t\t<img decoding=\"async\" class=\"loading-img\" src=\"https:\/\/www.talsoft-security.com\/site\/wp-admin\/images\/wpspin_light.gif\">\n\t\t\t\t\t<\/div>\n\n\t\t\t\t\t<script type=\"text\/javascript\">\n\t\t\t\t\twindow.wp = window.wp || {};\n\t\t\t\t\twp.ccf = wp.ccf || {};\n\t\t\t\t\twp.ccf.conditionals = wp.ccf.conditionals || [];\n\t\t\t\t\twp.ccf.conditionals[2992] = [];\n\t\t\t\t\t<\/script>\n\n\t\t\t\t\t<input type=\"hidden\" name=\"form_id\" value=\"2992\">\n\t\t\t\t\t<input type=\"hidden\" name=\"form_page\" value=\"https:\/\/www.talsoft-security.com\/site\/site\/wp-json\/wp\/v2\/pages\/907\">\n\t\t\t\t\t<input type=\"text\" name=\"my_information\" style=\"display: none;\">\n\t\t\t\t\t<input type=\"hidden\"  name=\"ccf_form\" value=\"1\">\n\t\t\t\t\t<input type=\"hidden\" name=\"form_nonce\" value=\"2cc83ad24d\">\n\t\t\t\t<\/form>\n\n\t\t\t\t<iframe class=\"ccf-form-frame\" id=\"ccf_form_frame_2992\" name=\"ccf_form_frame_2992\"><\/iframe>\n\t\t\t<\/div>\n\n\t\t\t<\/p>\n","protected":false},"author":3,"featured_media":0,"parent":0,"menu_order":7,"comment_status":"closed","ping_status":"closed","template":"","meta":{"_et_pb_use_builder":"on","_et_pb_old_content":"","_et_gb_content_width":"","footnotes":""},"class_list":["post-907","page","type-page","status-publish","hentry"],"yoast_head":"<!-- This site is optimized with the Yoast SEO plugin v26.6 - https:\/\/yoast.com\/wordpress\/plugins\/seo\/ -->\n<title>TalSoft - Seguridad Inform\u00e1tica Empresarial - Contacto<\/title>\n<meta name=\"description\" content=\"Talsoft transforma la visi\u00f3n de las empresas para que puedan proteger su informaci\u00f3n cr\u00edtica y confidencial frente ataques inform\u00e1ticos. Cons\u00faltenos sin cargo.\" \/>\n<meta name=\"robots\" content=\"index, follow, max-snippet:-1, max-image-preview:large, max-video-preview:-1\" \/>\n<link rel=\"canonical\" href=\"https:\/\/www.talsoft-security.com\/site\/contacto\/\" \/>\n<meta name=\"twitter:label1\" content=\"Estimated reading time\" \/>\n\t<meta name=\"twitter:data1\" content=\"1 minute\" \/>\n<script type=\"application\/ld+json\" class=\"yoast-schema-graph\">{\"@context\":\"https:\/\/schema.org\",\"@graph\":[{\"@type\":\"WebPage\",\"@id\":\"https:\/\/www.talsoft-security.com\/site\/contacto\/\",\"url\":\"https:\/\/www.talsoft-security.com\/site\/contacto\/\",\"name\":\"TalSoft - Seguridad Inform\u00e1tica Empresarial - Contacto\",\"isPartOf\":{\"@id\":\"https:\/\/www.talsoft-security.com\/site\/#website\"},\"datePublished\":\"2010-12-31T00:15:34+00:00\",\"dateModified\":\"2020-08-17T16:30:55+00:00\",\"description\":\"Talsoft transforma la visi\u00f3n de las empresas para que puedan proteger su informaci\u00f3n cr\u00edtica y confidencial frente ataques inform\u00e1ticos. Cons\u00faltenos sin cargo.\",\"inLanguage\":\"en-GB\",\"potentialAction\":[{\"@type\":\"ReadAction\",\"target\":[\"https:\/\/www.talsoft-security.com\/site\/contacto\/\"]}]},{\"@type\":\"WebSite\",\"@id\":\"https:\/\/www.talsoft-security.com\/site\/#website\",\"url\":\"https:\/\/www.talsoft-security.com\/site\/\",\"name\":\"TalSoft TS - Services IT Security\",\"description\":\"Talsoft is transforming awareness, control and decision-making power so that companies can protect their critical and confidential information from computer attacks.\",\"publisher\":{\"@id\":\"https:\/\/www.talsoft-security.com\/site\/#organization\"},\"potentialAction\":[{\"@type\":\"SearchAction\",\"target\":{\"@type\":\"EntryPoint\",\"urlTemplate\":\"https:\/\/www.talsoft-security.com\/site\/?s={search_term_string}\"},\"query-input\":{\"@type\":\"PropertyValueSpecification\",\"valueRequired\":true,\"valueName\":\"search_term_string\"}}],\"inLanguage\":\"en-GB\"},{\"@type\":\"Organization\",\"@id\":\"https:\/\/www.talsoft-security.com\/site\/#organization\",\"name\":\"Talsoft TS\",\"url\":\"https:\/\/www.talsoft-security.com\/site\/\",\"logo\":{\"@type\":\"ImageObject\",\"inLanguage\":\"en-GB\",\"@id\":\"https:\/\/www.talsoft-security.com\/site\/#\/schema\/logo\/image\/\",\"url\":\"https:\/\/www.talsoft-security.com\/site\/wp-content\/uploads\/2014\/02\/talsoft_logo_270x125.png\",\"contentUrl\":\"https:\/\/www.talsoft-security.com\/site\/wp-content\/uploads\/2014\/02\/talsoft_logo_270x125.png\",\"width\":270,\"height\":125,\"caption\":\"Talsoft TS\"},\"image\":{\"@id\":\"https:\/\/www.talsoft-security.com\/site\/#\/schema\/logo\/image\/\"},\"sameAs\":[\"http:\/\/www.facebook.com\/talsoftsrl\",\"https:\/\/x.com\/talsoft\"]}]}<\/script>\n<!-- \/ Yoast SEO plugin. -->","yoast_head_json":{"title":"TalSoft - Seguridad Inform\u00e1tica Empresarial - Contacto","description":"Talsoft transforma la visi\u00f3n de las empresas para que puedan proteger su informaci\u00f3n cr\u00edtica y confidencial frente ataques inform\u00e1ticos. Cons\u00faltenos sin cargo.","robots":{"index":"index","follow":"follow","max-snippet":"max-snippet:-1","max-image-preview":"max-image-preview:large","max-video-preview":"max-video-preview:-1"},"canonical":"https:\/\/www.talsoft-security.com\/site\/contacto\/","twitter_misc":{"Estimated reading time":"1 minute"},"schema":{"@context":"https:\/\/schema.org","@graph":[{"@type":"WebPage","@id":"https:\/\/www.talsoft-security.com\/site\/contacto\/","url":"https:\/\/www.talsoft-security.com\/site\/contacto\/","name":"TalSoft - Seguridad Inform\u00e1tica Empresarial - Contacto","isPartOf":{"@id":"https:\/\/www.talsoft-security.com\/site\/#website"},"datePublished":"2010-12-31T00:15:34+00:00","dateModified":"2020-08-17T16:30:55+00:00","description":"Talsoft transforma la visi\u00f3n de las empresas para que puedan proteger su informaci\u00f3n cr\u00edtica y confidencial frente ataques inform\u00e1ticos. Cons\u00faltenos sin cargo.","inLanguage":"en-GB","potentialAction":[{"@type":"ReadAction","target":["https:\/\/www.talsoft-security.com\/site\/contacto\/"]}]},{"@type":"WebSite","@id":"https:\/\/www.talsoft-security.com\/site\/#website","url":"https:\/\/www.talsoft-security.com\/site\/","name":"TalSoft TS - Services IT Security","description":"Talsoft is transforming awareness, control and decision-making power so that companies can protect their critical and confidential information from computer attacks.","publisher":{"@id":"https:\/\/www.talsoft-security.com\/site\/#organization"},"potentialAction":[{"@type":"SearchAction","target":{"@type":"EntryPoint","urlTemplate":"https:\/\/www.talsoft-security.com\/site\/?s={search_term_string}"},"query-input":{"@type":"PropertyValueSpecification","valueRequired":true,"valueName":"search_term_string"}}],"inLanguage":"en-GB"},{"@type":"Organization","@id":"https:\/\/www.talsoft-security.com\/site\/#organization","name":"Talsoft TS","url":"https:\/\/www.talsoft-security.com\/site\/","logo":{"@type":"ImageObject","inLanguage":"en-GB","@id":"https:\/\/www.talsoft-security.com\/site\/#\/schema\/logo\/image\/","url":"https:\/\/www.talsoft-security.com\/site\/wp-content\/uploads\/2014\/02\/talsoft_logo_270x125.png","contentUrl":"https:\/\/www.talsoft-security.com\/site\/wp-content\/uploads\/2014\/02\/talsoft_logo_270x125.png","width":270,"height":125,"caption":"Talsoft TS"},"image":{"@id":"https:\/\/www.talsoft-security.com\/site\/#\/schema\/logo\/image\/"},"sameAs":["http:\/\/www.facebook.com\/talsoftsrl","https:\/\/x.com\/talsoft"]}]}},"_links":{"self":[{"href":"https:\/\/www.talsoft-security.com\/site\/wp-json\/wp\/v2\/pages\/907","targetHints":{"allow":["GET"]}}],"collection":[{"href":"https:\/\/www.talsoft-security.com\/site\/wp-json\/wp\/v2\/pages"}],"about":[{"href":"https:\/\/www.talsoft-security.com\/site\/wp-json\/wp\/v2\/types\/page"}],"author":[{"embeddable":true,"href":"https:\/\/www.talsoft-security.com\/site\/wp-json\/wp\/v2\/users\/3"}],"replies":[{"embeddable":true,"href":"https:\/\/www.talsoft-security.com\/site\/wp-json\/wp\/v2\/comments?post=907"}],"version-history":[{"count":98,"href":"https:\/\/www.talsoft-security.com\/site\/wp-json\/wp\/v2\/pages\/907\/revisions"}],"predecessor-version":[{"id":6196,"href":"https:\/\/www.talsoft-security.com\/site\/wp-json\/wp\/v2\/pages\/907\/revisions\/6196"}],"wp:attachment":[{"href":"https:\/\/www.talsoft-security.com\/site\/wp-json\/wp\/v2\/media?parent=907"}],"curies":[{"name":"wp","href":"https:\/\/api.w.org\/{rel}","templated":true}]}}